{"id":115,"date":"2007-03-09T15:25:59","date_gmt":"2007-03-09T14:25:59","guid":{"rendered":"https:\/\/www.1a-photoshop.de\/news\/copyright\/"},"modified":"2012-02-22T23:10:18","modified_gmt":"2012-02-22T22:10:18","slug":"copyright","status":"publish","type":"page","link":"https:\/\/www.1a-photoshop.de\/news\/copyright\/","title":{"rendered":"Copyright"},"content":{"rendered":"<p class=\"copy\">Copyright liegt beim victoryVerlag Berlin<br \/>&nbsp;<br \/>\n<u>Was erlaubt ist:<\/u><br \/>\nKostenlose Downloads von Texturen, Stilen und Mustern, Pinselspitzen, sowie besonders gekennzeichneten Fotos.<br \/>\n<br \/>&nbsp;<br \/>\n<u>Was  m\u00fcssen Sie beachten:<\/u><br \/>\nDie Download-Datein d\u00fcrfen sowohl f\u00fcr nichtkommerzielle Arbeiten sowie f\u00fcr kommerzielle Projekte eingesetzt werden. Es gilt jedoch folgender zwingender Hinweis:<br \/>\nVer\u00f6ffentlichen Sie eine Arbeit mit einer meiner kopiergesch\u00fctzten &#8222;Gratis Fotos&#8220;, ist als Gegenleistung ein Link zu unserer Seite (www.1A-Photoshop.de) Pflicht. F\u00fcr das Angebot der gratis Texturen besteht keine Linkpflicht, ein Link w\u00e4re trotzdem eine nette Geste und eine kleine Entsch\u00e4digung f\u00fcr den enormen Zeitaufwand.<br \/>\n<br \/>K\u00f6nnen Sie dies nicht gew\u00e4hrleisten, bitte ich Sie vom Download unserer Dateien abzusehen. Meine Dateien sind anhand des aufwendigen Kopierschutzes schnellstens zu recherchieren.<br \/>&nbsp;<br \/>\n<u>Was nicht erlaubt ist:<\/u><br \/>\nDas Kopieren von Texten sowie deren Ver\u00f6ffentlichung auf anderen Webseiten oder Webloggs ist nicht gestattet.<br \/>\nDie Dateien sind nur \u00fcber die Seite von 1A-Photoshop verf\u00fcgbar und d\u00fcrfen auf  keiner anderen Webseite in irgend einer Form zum Download angeboten werden.<br \/>\nDie Dateien d\u00fcrfen auf keinen Fall auf anderen Speichermedien (z.B. CD) zusammengestellt  und verkauft bzw. versteigert werden.<br \/>&nbsp;<br \/>\nZuwiderhandlung wird strafrechtlich verfolgt.<br \/>\n<br \/>&nbsp;<\/p>\n<p><span style=\"font-size: 12pt\">Ausnahmen werden nur schriftlich vom victoryVerlag Berlin genehmigt.<\/span><\/p>\n","protected":false},"excerpt":{"rendered":"<p>Copyright liegt beim victoryVerlag Berlin&nbsp; Was erlaubt ist: Kostenlose Downloads von Texturen, Stilen und Mustern, Pinselspitzen, sowie besonders gekennzeichneten Fotos. &nbsp; Was m\u00fcssen Sie beachten: Die Download-Datein d\u00fcrfen sowohl f\u00fcr nichtkommerzielle Arbeiten sowie f\u00fcr kommerzielle Projekte eingesetzt werden. Es gilt jedoch folgender zwingender Hinweis: Ver\u00f6ffentlichen Sie eine Arbeit mit einer&#8230;<\/p>\n","protected":false},"author":1,"featured_media":0,"parent":0,"menu_order":0,"comment_status":"closed","ping_status":"closed","template":"","meta":{"om_disable_all_campaigns":false,"_monsterinsights_skip_tracking":false,"_monsterinsights_sitenote_active":false,"_monsterinsights_sitenote_note":"","_monsterinsights_sitenote_category":0,"footnotes":""},"class_list":["post-115","page","type-page","status-publish","hentry"],"aioseo_notices":[],"_links":{"self":[{"href":"https:\/\/www.1a-photoshop.de\/news\/wp-json\/wp\/v2\/pages\/115"}],"collection":[{"href":"https:\/\/www.1a-photoshop.de\/news\/wp-json\/wp\/v2\/pages"}],"about":[{"href":"https:\/\/www.1a-photoshop.de\/news\/wp-json\/wp\/v2\/types\/page"}],"author":[{"embeddable":true,"href":"https:\/\/www.1a-photoshop.de\/news\/wp-json\/wp\/v2\/users\/1"}],"replies":[{"embeddable":true,"href":"https:\/\/www.1a-photoshop.de\/news\/wp-json\/wp\/v2\/comments?post=115"}],"version-history":[{"count":0,"href":"https:\/\/www.1a-photoshop.de\/news\/wp-json\/wp\/v2\/pages\/115\/revisions"}],"wp:attachment":[{"href":"https:\/\/www.1a-photoshop.de\/news\/wp-json\/wp\/v2\/media?parent=115"}],"curies":[{"name":"wp","href":"https:\/\/api.w.org\/{rel}","templated":true}]}}